{"id":1421,"date":"2023-12-08T08:44:58","date_gmt":"2023-12-08T08:44:58","guid":{"rendered":"https:\/\/loveinrome.pl\/?page_id=1421"},"modified":"2025-01-20T08:53:19","modified_gmt":"2025-01-20T08:53:19","slug":"malzenstwo","status":"publish","type":"page","link":"https:\/\/loveinrome.pl\/index.php\/malzenstwo\/","title":{"rendered":"Ma\u0142\u017ce\u0144stwo"},"content":{"rendered":"","protected":true},"excerpt":{"rendered":"","protected":true},"author":1,"featured_media":1425,"parent":0,"menu_order":0,"comment_status":"closed","ping_status":"closed","template":"","meta":{"saved_in_kubio":true,"footnotes":""},"class_list":["entry","page","publish","author-admin2633","protected","post-1421"],"kubio_ai_page_context":{"short_desc":"","purpose":"general"},"_links":{"self":[{"href":"https:\/\/loveinrome.pl\/index.php\/wp-json\/wp\/v2\/pages\/1421","targetHints":{"allow":["GET"]}}],"collection":[{"href":"https:\/\/loveinrome.pl\/index.php\/wp-json\/wp\/v2\/pages"}],"about":[{"href":"https:\/\/loveinrome.pl\/index.php\/wp-json\/wp\/v2\/types\/page"}],"author":[{"embeddable":true,"href":"https:\/\/loveinrome.pl\/index.php\/wp-json\/wp\/v2\/users\/1"}],"replies":[{"embeddable":true,"href":"https:\/\/loveinrome.pl\/index.php\/wp-json\/wp\/v2\/comments?post=1421"}],"version-history":[{"count":33,"href":"https:\/\/loveinrome.pl\/index.php\/wp-json\/wp\/v2\/pages\/1421\/revisions"}],"predecessor-version":[{"id":2338,"href":"https:\/\/loveinrome.pl\/index.php\/wp-json\/wp\/v2\/pages\/1421\/revisions\/2338"}],"wp:featuredmedia":[{"embeddable":true,"href":"https:\/\/loveinrome.pl\/index.php\/wp-json\/wp\/v2\/media\/1425"}],"wp:attachment":[{"href":"https:\/\/loveinrome.pl\/index.php\/wp-json\/wp\/v2\/media?parent=1421"}],"curies":[{"name":"wp","href":"https:\/\/api.w.org\/{rel}","templated":true}]}}